{"id":90,"date":"2011-05-14T01:03:31","date_gmt":"2011-05-14T01:03:31","guid":{"rendered":"http:\/\/naklada-benedikta.hr\/?post_type=product&#038;p=90"},"modified":"2025-04-13T18:43:58","modified_gmt":"2025-04-13T17:43:58","slug":"velike-hereze","status":"publish","type":"product","link":"https:\/\/naklada-benedikta.hr\/index.php\/product\/velike-hereze\/","title":{"rendered":"Velike hereze"},"content":{"rendered":"<p><strong>Autor: Hilaire Belloc<\/strong><br \/>\n<strong>Opseg: 205 stranica<\/strong><br \/>\n<strong>Format: 13 x 19 cm<\/strong><br \/>\n<strong>Uvez: meki<\/strong><\/p>\n<p>Knjiga Velike hereze vjerojatno je najbolja knjiga poznatog katoli\u010dkog povjesni\u010dara Hilaire Belloca (1870. &#8211; 1953.) zato \u0161to autor u njoj, na temelju svoga golemog povijesnog znanja, na jednostavan na\u010din opisuje ne samo zna\u010denje pet najve\u0107ih hereza i njihov utjecaj na Katoli\u010dku crkvu nego i njihove posljedice za cijeli svijet. Tih pet hereza jesu arijanizam, muhamedanstvo (islam), katarski pokret, protestantizam i ono \u0161to autor u nedostatku boljeg imena naziva \u201cmodernim napadom\u201d.<\/p>\n<p>I predvi\u0111a da su u tim me\u0111usobno razli\u010ditim i najve\u0107im herezama sadr\u017eani svi mogu\u0107i napadi na Katoli\u010dku crkvu. Temeljito razra\u0111uje utjecaj svake od tih hereza na katoli\u010dko pravovjerje i pokazuje koliko bi svijet bio druk\u010diji da su arijanizam ili katarski pokret opstali, da ih Crkva nije uni\u0161tila, te koliko svijet jest druk\u010diji zato \u0161to protestantizam jest opstao iako je danas, ka\u017ee autor, \u201cdoktrinarno mrtav\u201d. Godine 1938., kada je pisao ovu knjigu, predvidio je, na temelju dva \u010dvrsta povijesna razloga, ponovno sna\u017eenje islama, \u0161to se u na\u0161e vrijeme i ostvaruje. Ali, kao najva\u017enije, autor analizira \u201cmoderni napad\u201d (koji bi svim srcem \u017eelio nazvati \u201cAntikristom\u201d) i pokazuje da ta hereza, iako joj nitko ne nadjeva nikakvo ime, jest najve\u0107a opasnost po Katoli\u010dku crkvu zato \u0161to vodi bitku do smrti, bitku u kojoj su neprijatelji Boga i Njegove Svete Vjere nakanili uni\u0161titi svako podru\u010dje Katoli\u010dke crkve i svaki njezin utjecaj na sva podru\u010dja \u010dovjekova \u017eivota.<\/p>\n<p>Ova je knjiga napisana sa\u017eeto, preciznim rje\u010dnikom i dubinskom analizom, \u0161to \u010ditatelju omogu\u0107uje to\u010dno spoznavanje povijesnih kretanja u kojima mi danas \u017eivimo, to jest sagledavanje mnogo \u0161ire od dojma koji ostavlja ovako malena knjiga.<\/p>\n","protected":false},"excerpt":{"rendered":"<p>Autor: Hilaire Belloc Opseg: 205 stranica Format: 13 x 19 cm Uvez: meki Knjiga Velike hereze vjerojatno je najbolja knjiga poznatog katoli\u010dkog povjesni\u010dara Hilaire Belloca (1870. &#8211; 1953.) zato \u0161to autor u njoj, na temelju svoga golemog povijesnog znanja, na jednostavan na\u010din opisuje ne samo zna\u010denje pet najve\u0107ih hereza i njihov utjecaj na Katoli\u010dku crkvu [&hellip;]<\/p>\n","protected":false},"featured_media":91,"comment_status":"open","ping_status":"closed","template":"","meta":{"powered_cache_disable_cache":false,"powered_cache_disable_lazyload":false},"product_brand":[],"product_cat":[9],"product_tag":[],"class_list":{"0":"post-90","1":"product","2":"type-product","3":"status-publish","4":"has-post-thumbnail","6":"product_cat-politika-i-povijest","8":"first","9":"instock","10":"shipping-taxable","11":"purchasable","12":"product-type-simple"},"_links":{"self":[{"href":"https:\/\/naklada-benedikta.hr\/index.php\/wp-json\/wp\/v2\/product\/90","targetHints":{"allow":["GET"]}}],"collection":[{"href":"https:\/\/naklada-benedikta.hr\/index.php\/wp-json\/wp\/v2\/product"}],"about":[{"href":"https:\/\/naklada-benedikta.hr\/index.php\/wp-json\/wp\/v2\/types\/product"}],"replies":[{"embeddable":true,"href":"https:\/\/naklada-benedikta.hr\/index.php\/wp-json\/wp\/v2\/comments?post=90"}],"wp:featuredmedia":[{"embeddable":true,"href":"https:\/\/naklada-benedikta.hr\/index.php\/wp-json\/wp\/v2\/media\/91"}],"wp:attachment":[{"href":"https:\/\/naklada-benedikta.hr\/index.php\/wp-json\/wp\/v2\/media?parent=90"}],"wp:term":[{"taxonomy":"product_brand","embeddable":true,"href":"https:\/\/naklada-benedikta.hr\/index.php\/wp-json\/wp\/v2\/product_brand?post=90"},{"taxonomy":"product_cat","embeddable":true,"href":"https:\/\/naklada-benedikta.hr\/index.php\/wp-json\/wp\/v2\/product_cat?post=90"},{"taxonomy":"product_tag","embeddable":true,"href":"https:\/\/naklada-benedikta.hr\/index.php\/wp-json\/wp\/v2\/product_tag?post=90"}],"curies":[{"name":"wp","href":"https:\/\/api.w.org\/{rel}","templated":true}]}}