{"id":860,"date":"2024-03-31T13:46:06","date_gmt":"2024-03-31T12:46:06","guid":{"rendered":"https:\/\/naklada-benedikta.hr\/?post_type=product&#038;p=860"},"modified":"2025-06-30T06:50:11","modified_gmt":"2025-06-30T05:50:11","slug":"krizni-put-2","status":"publish","type":"product","link":"https:\/\/naklada-benedikta.hr\/index.php\/product\/krizni-put-2\/","title":{"rendered":"Kri\u017eni put"},"content":{"rendered":"<p><strong>Naslov: KRI\u017dNI PUT<\/strong><br \/>\n<strong>Autori: Jozefina Glasnovi\u0107, don Josip Radi\u0107<\/strong><br \/>\n<strong>Opseg: 80 stranica<\/strong><br \/>\n<strong>Format: 12 x 19 cm<\/strong><br \/>\n<strong>Uvez: tvrdi<\/strong><\/p>\n<p>Ova knjiga sadr\u017ei skra\u0107enu verziju dva Kri\u017ena puta:<\/p>\n<ol>\n<li>Sve iz ljubavi za Ljubav, Kri\u017eni put (J. Glasnovi\u0107)<\/li>\n<li>Kri\u017eni put \u2013 vi\u0111enje Ane Katarine Emmerick (J. Radi\u0107),<\/li>\n<\/ol>\n","protected":false},"excerpt":{"rendered":"<p>Naslov: KRI\u017dNI PUT Autori: Jozefina Glasnovi\u0107, don Josip Radi\u0107 Opseg: 80 stranica Format: 12 x 19 cm Uvez: tvrdi Ova knjiga sadr\u017ei skra\u0107enu verziju dva Kri\u017ena puta: Sve iz ljubavi za Ljubav, Kri\u017eni put (J. Glasnovi\u0107) Kri\u017eni put \u2013 vi\u0111enje Ane Katarine Emmerick (J. Radi\u0107),<\/p>\n","protected":false},"featured_media":861,"comment_status":"open","ping_status":"closed","template":"","meta":{"powered_cache_disable_cache":false,"powered_cache_disable_lazyload":false},"product_brand":[],"product_cat":[6],"product_tag":[],"class_list":{"0":"post-860","1":"product","2":"type-product","3":"status-publish","4":"has-post-thumbnail","6":"product_cat-duhovna-izdanja","8":"first","9":"instock","10":"shipping-taxable","11":"purchasable","12":"product-type-simple"},"_links":{"self":[{"href":"https:\/\/naklada-benedikta.hr\/index.php\/wp-json\/wp\/v2\/product\/860","targetHints":{"allow":["GET"]}}],"collection":[{"href":"https:\/\/naklada-benedikta.hr\/index.php\/wp-json\/wp\/v2\/product"}],"about":[{"href":"https:\/\/naklada-benedikta.hr\/index.php\/wp-json\/wp\/v2\/types\/product"}],"replies":[{"embeddable":true,"href":"https:\/\/naklada-benedikta.hr\/index.php\/wp-json\/wp\/v2\/comments?post=860"}],"wp:featuredmedia":[{"embeddable":true,"href":"https:\/\/naklada-benedikta.hr\/index.php\/wp-json\/wp\/v2\/media\/861"}],"wp:attachment":[{"href":"https:\/\/naklada-benedikta.hr\/index.php\/wp-json\/wp\/v2\/media?parent=860"}],"wp:term":[{"taxonomy":"product_brand","embeddable":true,"href":"https:\/\/naklada-benedikta.hr\/index.php\/wp-json\/wp\/v2\/product_brand?post=860"},{"taxonomy":"product_cat","embeddable":true,"href":"https:\/\/naklada-benedikta.hr\/index.php\/wp-json\/wp\/v2\/product_cat?post=860"},{"taxonomy":"product_tag","embeddable":true,"href":"https:\/\/naklada-benedikta.hr\/index.php\/wp-json\/wp\/v2\/product_tag?post=860"}],"curies":[{"name":"wp","href":"https:\/\/api.w.org\/{rel}","templated":true}]}}