{"id":84,"date":"2010-11-14T00:55:10","date_gmt":"2010-11-14T00:55:10","guid":{"rendered":"http:\/\/naklada-benedikta.hr\/?post_type=product&#038;p=84"},"modified":"2023-08-16T22:10:37","modified_gmt":"2023-08-16T21:10:37","slug":"hrvatima-se-sudi-klevetom","status":"publish","type":"product","link":"https:\/\/naklada-benedikta.hr\/index.php\/product\/hrvatima-se-sudi-klevetom\/","title":{"rendered":"Hrvatima se sudi klevetom"},"content":{"rendered":"<p><strong>Autor: Les Shaw<\/strong><br \/>\n<strong>Opseg: 356 stranica<\/strong><br \/>\n<strong>Format: 13,5 x 20 cm<\/strong><br \/>\n<strong>Uvez: meki<\/strong><\/p>\n<p>U knjizi \u201eOvo je Artukovi\u0107\u201c i u knjizi \u201eGenocid u satelitskoj Hrvatskoj\u201c objavljena je jedna fotografija s ovim popratnim tekstom:\u201eRazdragani usta\u0161e nose glavu po ulicama, restoranima, kao suvenir. \u201c<\/p>\n<p>Ta je fotografija objavljena i u izdanju australskog komunisti\u010dkog lista Tribune od 11. rujna 1963., s ovim popratnim tekstom: \u201eRatna fotografija usta\u0161kih vojnika u nacisti\u010dkoj marionetskoj dr\u017eavi Hrvatskoj, u akciji protiv jugoslavenskoga naroda\u201c.<br \/>\nIstu tu fotografiju list Tribune koristi i u izdanju od 30. listopada 1963., uz ovaj tekst: \u201eOvi mesari, koji s veseljem pokazuju glavu jednog jugoslavenskog domoljuba u nacisti\u010dkoj marionetskoj dr\u017eaviHrvatskoj za vrijeme pro\u0161loga rata, jesu usta\u0161ki vojnici\u201c.<br \/>\nNa toj je fotografiji prikazana jedna skupina vojnika, od kojih jedan pokazuje odrubljenu glavu neke \u017ertve. Svi su vojnici u uniformi.Vojnik koji dr\u017ei odrubljenu glavu i svi ostali vojnici koje se dobro vidi imaju na glavi kacigu. To su vrlo prepoznatljive kacige francuskog tipa.\u00c2\u00c2 Takve su kacige nosili srpski kraljevskivojnici, koji su bili organizirani po francuskoj vojnoj strukturi, opremljeni francuskom ratnom opremom i odjeveni u uniforme francuskog kroja. Vojnici prikazani na toj fotografiji nisu usta\u0161e.Nisu \u010dak ni Hrvati. To su srpski rojalisti\u010dki vojnici \u2013 \u010detnici.<br \/>\nNeka, tko god mo\u017ee, pobije ovu moju tvrdnju&#8230;Ako uzmete izdanja tih novina (The Age) od prethodnih godinudvije dana, izre\u017eete sve \u010dlanke o Hrvatima, a onda ih po redu pro\u010ditate \u2013 doista, nije vam potrebno ni\u0161ta drugo nego ondjegdje pi\u0161e \u201eHrvat\u201c staviti \u201e\u017didov\u201c i mislit \u0107ete da \u010ditate nekakvo rasisti\u010dko novinsko sme\u0107e objavljeno u Njema\u010dkoj tridesetih godina.<\/p>\n","protected":false},"excerpt":{"rendered":"<p>Autor: Les Shaw Opseg: 356 stranica Format: 13,5 x 20 cm Uvez: meki U knjizi \u201eOvo je Artukovi\u0107\u201c i u knjizi \u201eGenocid u satelitskoj Hrvatskoj\u201c objavljena je jedna fotografija s ovim popratnim tekstom:\u201eRazdragani usta\u0161e nose glavu po ulicama, restoranima, kao suvenir. \u201c Ta je fotografija objavljena i u izdanju australskog komunisti\u010dkog lista Tribune od 11. [&hellip;]<\/p>\n","protected":false},"featured_media":85,"comment_status":"open","ping_status":"closed","template":"","meta":{"powered_cache_disable_cache":false,"powered_cache_disable_lazyload":false},"product_brand":[],"product_cat":[9],"product_tag":[],"class_list":{"0":"post-84","1":"product","2":"type-product","3":"status-publish","4":"has-post-thumbnail","6":"product_cat-politika-i-povijest","8":"first","9":"instock","10":"shipping-taxable","11":"purchasable","12":"product-type-simple"},"_links":{"self":[{"href":"https:\/\/naklada-benedikta.hr\/index.php\/wp-json\/wp\/v2\/product\/84","targetHints":{"allow":["GET"]}}],"collection":[{"href":"https:\/\/naklada-benedikta.hr\/index.php\/wp-json\/wp\/v2\/product"}],"about":[{"href":"https:\/\/naklada-benedikta.hr\/index.php\/wp-json\/wp\/v2\/types\/product"}],"replies":[{"embeddable":true,"href":"https:\/\/naklada-benedikta.hr\/index.php\/wp-json\/wp\/v2\/comments?post=84"}],"wp:featuredmedia":[{"embeddable":true,"href":"https:\/\/naklada-benedikta.hr\/index.php\/wp-json\/wp\/v2\/media\/85"}],"wp:attachment":[{"href":"https:\/\/naklada-benedikta.hr\/index.php\/wp-json\/wp\/v2\/media?parent=84"}],"wp:term":[{"taxonomy":"product_brand","embeddable":true,"href":"https:\/\/naklada-benedikta.hr\/index.php\/wp-json\/wp\/v2\/product_brand?post=84"},{"taxonomy":"product_cat","embeddable":true,"href":"https:\/\/naklada-benedikta.hr\/index.php\/wp-json\/wp\/v2\/product_cat?post=84"},{"taxonomy":"product_tag","embeddable":true,"href":"https:\/\/naklada-benedikta.hr\/index.php\/wp-json\/wp\/v2\/product_tag?post=84"}],"curies":[{"name":"wp","href":"https:\/\/api.w.org\/{rel}","templated":true}]}}