{"id":77,"date":"2016-07-31T00:43:36","date_gmt":"2016-07-31T00:43:36","guid":{"rendered":"http:\/\/naklada-benedikta.hr\/?post_type=product&#038;p=77"},"modified":"2025-04-13T18:40:45","modified_gmt":"2025-04-13T17:40:45","slug":"molitvenik-u-cast-presvetoj-glavi-isusovoj","status":"publish","type":"product","link":"https:\/\/naklada-benedikta.hr\/index.php\/product\/molitvenik-u-cast-presvetoj-glavi-isusovoj\/","title":{"rendered":"Molitvenik u \u010dast Presvetoj Glavi Isusovoj"},"content":{"rendered":"<p><strong>Podnaslov: Prema objavi slu\u017ebenice Bo\u017eje Tereze Higginson<\/strong><br \/>\n<strong>Opseg: 120 stranica<\/strong><br \/>\n<strong>Format: 11,5 x 16,5 cm<\/strong><br \/>\n<strong>Uvez: meki<\/strong><\/p>\n<p>Tereza Helena Higginson bila je pobo\u017ena u\u010diteljica\u2026 Ro\u0111ena je na sjeveru Walesa. Njezino ime u Engleskoj se povezuje s najvi\u0161im stupnjem misticizma u katoli\u010danstvu. Po rije\u010dima njezina ispovjednika, ona je jedna od najve\u0107ih svetica koje je \u201eBog podigao u svojoj Crkvi\u201c.<\/p>\n<p>Sa stajali\u0161ta misti\u010dnog, ona je svakako \u017eivjela neobi\u010dnim \u017eivotom, na mnogo na\u010dina sli\u010dnim \u017eivotu oca Pija. \u010cini se da je od Boga primila mnogo nadnaravnih darova, kao \u0161to su dar ozdravljanja, dar proro\u0161tva, bilokacije i stigme. Poruka koju nam je prenijela prijeko je potrebna na\u0161emu dana\u0161njem svijetu.<\/p>\n<p>Tvrdi se da ju je Isus odabrao da objavi pobo\u017enost Presvetoj Glavi Isusovoj kao Prijestolju Bo\u017eje Mudrosti. To je trebalo popraviti prilike u vremenima izrazite intelektualne oholosti i udaljavanja od vjere. Ta je pobo\u017enost trebala biti ne samo dopuna pobo\u017enosti Presvetom Srcu Isusovu nego i kruna svih pobo\u017enosti.<\/p>\n<p>Jedno pismo monsinjora O&#8217;Briana (vicepostulatora njezina slu\u010daja) govori nam o tome kako je dobivao pisma iz svih dijelova Velike Britanije i Irske, Francuske, Njema\u010dke, Italije, Nizozemske, Belgije, Malte, SAD-a, Kanade, Karipskih otoka, Brazila, Kine, Burme, Bornea, Ju\u017ene Afrike, Ugande i Novog Zelanda, koja svjedo\u010de o usli\u0161anjima po njezinu zagovoru, te da mnogo ljudi moli za njezinu beatifikaciju.<\/p>\n","protected":false},"excerpt":{"rendered":"<p>Podnaslov: Prema objavi slu\u017ebenice Bo\u017eje Tereze Higginson Opseg: 120 stranica Format: 11,5 x 16,5 cm Uvez: meki Tereza Helena Higginson bila je pobo\u017ena u\u010diteljica\u2026 Ro\u0111ena je na sjeveru Walesa. Njezino ime u Engleskoj se povezuje s najvi\u0161im stupnjem misticizma u katoli\u010danstvu. Po rije\u010dima njezina ispovjednika, ona je jedna od najve\u0107ih svetica koje je \u201eBog podigao [&hellip;]<\/p>\n","protected":false},"featured_media":78,"comment_status":"open","ping_status":"closed","template":"","meta":{"powered_cache_disable_cache":false,"powered_cache_disable_lazyload":false},"product_brand":[],"product_cat":[6],"product_tag":[],"class_list":{"0":"post-77","1":"product","2":"type-product","3":"status-publish","4":"has-post-thumbnail","6":"product_cat-duhovna-izdanja","8":"first","9":"instock","10":"shipping-taxable","11":"purchasable","12":"product-type-simple"},"_links":{"self":[{"href":"https:\/\/naklada-benedikta.hr\/index.php\/wp-json\/wp\/v2\/product\/77","targetHints":{"allow":["GET"]}}],"collection":[{"href":"https:\/\/naklada-benedikta.hr\/index.php\/wp-json\/wp\/v2\/product"}],"about":[{"href":"https:\/\/naklada-benedikta.hr\/index.php\/wp-json\/wp\/v2\/types\/product"}],"replies":[{"embeddable":true,"href":"https:\/\/naklada-benedikta.hr\/index.php\/wp-json\/wp\/v2\/comments?post=77"}],"wp:featuredmedia":[{"embeddable":true,"href":"https:\/\/naklada-benedikta.hr\/index.php\/wp-json\/wp\/v2\/media\/78"}],"wp:attachment":[{"href":"https:\/\/naklada-benedikta.hr\/index.php\/wp-json\/wp\/v2\/media?parent=77"}],"wp:term":[{"taxonomy":"product_brand","embeddable":true,"href":"https:\/\/naklada-benedikta.hr\/index.php\/wp-json\/wp\/v2\/product_brand?post=77"},{"taxonomy":"product_cat","embeddable":true,"href":"https:\/\/naklada-benedikta.hr\/index.php\/wp-json\/wp\/v2\/product_cat?post=77"},{"taxonomy":"product_tag","embeddable":true,"href":"https:\/\/naklada-benedikta.hr\/index.php\/wp-json\/wp\/v2\/product_tag?post=77"}],"curies":[{"name":"wp","href":"https:\/\/api.w.org\/{rel}","templated":true}]}}