{"id":748,"date":"2022-03-14T08:32:05","date_gmt":"2022-03-14T08:32:05","guid":{"rendered":"http:\/\/naklada-benedikta.hr\/?post_type=product&#038;p=748"},"modified":"2023-08-17T09:25:44","modified_gmt":"2023-08-17T08:25:44","slug":"razmatranje-svezak-prvi-2","status":"publish","type":"product","link":"https:\/\/naklada-benedikta.hr\/index.php\/product\/razmatranje-svezak-prvi-2\/","title":{"rendered":"Razmatranje, svezak drugi"},"content":{"rendered":"<p><strong>Naslov: Razmatranje, svezak drugi<\/strong><strong><br \/>\n<\/strong><strong>Format: 135 x 200 mm<\/strong><br \/>\n<strong> Opseg: 252 stranica<\/strong><br \/>\n<strong> Uvez: meki<\/strong><\/p>\n<p>Ovo je dokument o iskustvu Bo\u017ejeg milosr\u0111a u \u017eivotu Marina Restrepa, kojega osobno poznajem i s kojim sam mnogo razgovarao o njegovu iskustvu s Bogom. Marino ima strog duhovni smjer, \u010dvrsto povezan s u\u010denjem Katoli\u010dke crkve.<\/p>\n<p>Dr\u017eim da su razmatranja objavljena u ovoj knjizi vrijedna duhovna gra\u0111a, koja apsolutno pridonose oboga\u0107enju kr\u0161\u0107anske vjere, i da nemaju ni natruhe ne\u010dega \u0161to protuslovi u\u010denjima Doktrine Katoli\u010dke crkve. Budu\u0107i da je ova knjiga rezultat privatnih objava, uvijek \u010ditatelju preporu\u010dujem da ove objave mora prihvatiti ne kao teolo\u0161ku gra\u0111u Doktrine Crkve nego kao izraze beskrajnog Bo\u017ejeg govora po njegovu Duhu Svetome, koji odabire koga On ho\u0107e, bez razlike. Preporu\u010dujem ove objave kao sredstvo produbljivanja vjere u uskrsloga Krista.<\/p>\n<p>U\u017eivao sam dok sam ih \u010ditao i u njima sam prona\u0161ao dovoljno bogatstva zbog kojega ih preporu\u010dujem svim du\u0161ama koje tra\u017ee Boga, \u017eedne njegove ljubavi, iskrena i skru\u0161ena srca.<\/p>\n<p>+ mons. Roman Danylak,<br \/>\nnaslovni biskup Nice<\/p>\n","protected":false},"excerpt":{"rendered":"<p>Naslov: Razmatranje, svezak drugi Format: 135 x 200 mm Opseg: 252 stranica Uvez: meki Ovo je dokument o iskustvu Bo\u017ejeg milosr\u0111a u \u017eivotu Marina Restrepa, kojega osobno poznajem i s kojim sam mnogo razgovarao o njegovu iskustvu s Bogom. Marino ima strog duhovni smjer, \u010dvrsto povezan s u\u010denjem Katoli\u010dke crkve. Dr\u017eim da su razmatranja objavljena [&hellip;]<\/p>\n","protected":false},"featured_media":749,"comment_status":"open","ping_status":"closed","template":"","meta":{"powered_cache_disable_cache":false,"powered_cache_disable_lazyload":false},"product_brand":[],"product_cat":[6],"product_tag":[],"class_list":{"0":"post-748","1":"product","2":"type-product","3":"status-publish","4":"has-post-thumbnail","6":"product_cat-duhovna-izdanja","8":"first","9":"instock","10":"shipping-taxable","11":"purchasable","12":"product-type-simple"},"_links":{"self":[{"href":"https:\/\/naklada-benedikta.hr\/index.php\/wp-json\/wp\/v2\/product\/748","targetHints":{"allow":["GET"]}}],"collection":[{"href":"https:\/\/naklada-benedikta.hr\/index.php\/wp-json\/wp\/v2\/product"}],"about":[{"href":"https:\/\/naklada-benedikta.hr\/index.php\/wp-json\/wp\/v2\/types\/product"}],"replies":[{"embeddable":true,"href":"https:\/\/naklada-benedikta.hr\/index.php\/wp-json\/wp\/v2\/comments?post=748"}],"wp:featuredmedia":[{"embeddable":true,"href":"https:\/\/naklada-benedikta.hr\/index.php\/wp-json\/wp\/v2\/media\/749"}],"wp:attachment":[{"href":"https:\/\/naklada-benedikta.hr\/index.php\/wp-json\/wp\/v2\/media?parent=748"}],"wp:term":[{"taxonomy":"product_brand","embeddable":true,"href":"https:\/\/naklada-benedikta.hr\/index.php\/wp-json\/wp\/v2\/product_brand?post=748"},{"taxonomy":"product_cat","embeddable":true,"href":"https:\/\/naklada-benedikta.hr\/index.php\/wp-json\/wp\/v2\/product_cat?post=748"},{"taxonomy":"product_tag","embeddable":true,"href":"https:\/\/naklada-benedikta.hr\/index.php\/wp-json\/wp\/v2\/product_tag?post=748"}],"curies":[{"name":"wp","href":"https:\/\/api.w.org\/{rel}","templated":true}]}}