{"id":69,"date":"2013-06-27T00:35:42","date_gmt":"2013-06-27T00:35:42","guid":{"rendered":"http:\/\/naklada-benedikta.hr\/?post_type=product&#038;p=69"},"modified":"2018-12-03T04:09:33","modified_gmt":"2018-12-03T04:09:33","slug":"psihijatar-u-paklu","status":"publish","type":"product","link":"https:\/\/naklada-benedikta.hr\/index.php\/product\/psihijatar-u-paklu\/","title":{"rendered":"Psihijatar u paklu"},"content":{"rendered":"<p><strong>Autor: Simone Morabito<\/strong><br \/>\n<strong>Opseg: 284 stranice<\/strong><br \/>\n<strong>Format: 13,5 x 20 cm<\/strong><br \/>\n<strong>Uvez: meki<\/strong><\/p>\n<p>O slu\u010dajevima dijaboli\u010dkog posjednu\u0107a napisane su mnoge knjige, ali jo\u0161 nikoga nije zanimalo \u010duti razmi\u0161ljanja ljudi pogo\u0111enih tom po\u0161a\u0161\u0107u. Ova knjiga, prema autorovim rije\u010dima, ispunjava tu prazninu, jer u nesvjesnome svakoga od nas vrijedi kategori\u010dki imperativ: \u201eVjerujem u ono \u0161to do\u017eivim\u201c. U svjetlu svoga vjerovanja, autor dodaje i ono \u0161to je, kao \u010dovjek znanosti i savjesti, imao prilike promatrati, pa \u010dak i uz pomo\u0107 sofisticiranih ure\u0111aja koje je medicinska znanost stavila i stavlja na raspolaganje znanstvenom istra\u017eiva\u010du.Vjeruje da \u0107e uz to i ispuniti praznine tih \u201epatnika\u201c, budu\u0107i da te osobe, \u0161to je neobi\u010dno u znanosti, dok su pod utjecajem egzorcizma do\u017eivljavaju potpunu amneziju, tj. uop\u0107e se ne sje\u0107aju svojih vrisaka od kojih se ledi krv u \u017eilama, psihomotorne uznemirenosti, fenomena predvi\u0111anja ni ostalih pojava koje im se doga\u0111aju.<br \/>\nSimone Morabito jedan je od najpoznatijih \u017eivu\u0107ih lije\u010dnika-kirurga zahvaljuju\u0107i svome izumu takozvanog \u201eelektroni\u010dkog lije\u010dnika\u201c (patentiranog sustava za klini\u010dku dijagnostiku uz pomo\u0107 ra\u010dunala). Diplomirao je medicinu i kirurgiju summa cum laude (110\/110 e lode) 1960., u dobi od 24 godine. Specijalist je psihijatrije, neurologije, psihoterapije i pedijatrije. Istra\u017eiva\u010d je na dr\u017eavnim sveu\u010dili\u0161tima, u Klinici za \u017eiv\u010dane i du\u0161evne bolesti.<br \/>\nDobio je status istra\u017eiva\u010da na podru\u010dju neuropsihijatrije (dr\u017eavno akademsko zvanje). Zbog njegova izuma elektroni\u010dkog paketa za klini\u010dku dijagnostiku u medicini i kirurgiji pari\u0161ki Znanstveni institut predao je znanstvenu dokumentaciju za dodjelu Nobelove nagrade.<\/p>\n","protected":false},"excerpt":{"rendered":"<p>Autor: Simone Morabito Opseg: 284 stranice Format: 13,5 x 20 cm Uvez: meki O slu\u010dajevima dijaboli\u010dkog posjednu\u0107a napisane su mnoge knjige, ali jo\u0161 nikoga nije zanimalo \u010duti razmi\u0161ljanja ljudi pogo\u0111enih tom po\u0161a\u0161\u0107u. Ova knjiga, prema autorovim rije\u010dima, ispunjava tu prazninu, jer u nesvjesnome svakoga od nas vrijedi kategori\u010dki imperativ: \u201eVjerujem u ono \u0161to do\u017eivim\u201c. U [&hellip;]<\/p>\n","protected":false},"featured_media":70,"comment_status":"open","ping_status":"closed","template":"","meta":{"powered_cache_disable_cache":false,"powered_cache_disable_lazyload":false},"product_brand":[],"product_cat":[6],"product_tag":[],"class_list":{"0":"post-69","1":"product","2":"type-product","3":"status-publish","4":"has-post-thumbnail","6":"product_cat-duhovna-izdanja","8":"first","9":"instock","10":"shipping-taxable","11":"purchasable","12":"product-type-simple"},"_links":{"self":[{"href":"https:\/\/naklada-benedikta.hr\/index.php\/wp-json\/wp\/v2\/product\/69","targetHints":{"allow":["GET"]}}],"collection":[{"href":"https:\/\/naklada-benedikta.hr\/index.php\/wp-json\/wp\/v2\/product"}],"about":[{"href":"https:\/\/naklada-benedikta.hr\/index.php\/wp-json\/wp\/v2\/types\/product"}],"replies":[{"embeddable":true,"href":"https:\/\/naklada-benedikta.hr\/index.php\/wp-json\/wp\/v2\/comments?post=69"}],"wp:featuredmedia":[{"embeddable":true,"href":"https:\/\/naklada-benedikta.hr\/index.php\/wp-json\/wp\/v2\/media\/70"}],"wp:attachment":[{"href":"https:\/\/naklada-benedikta.hr\/index.php\/wp-json\/wp\/v2\/media?parent=69"}],"wp:term":[{"taxonomy":"product_brand","embeddable":true,"href":"https:\/\/naklada-benedikta.hr\/index.php\/wp-json\/wp\/v2\/product_brand?post=69"},{"taxonomy":"product_cat","embeddable":true,"href":"https:\/\/naklada-benedikta.hr\/index.php\/wp-json\/wp\/v2\/product_cat?post=69"},{"taxonomy":"product_tag","embeddable":true,"href":"https:\/\/naklada-benedikta.hr\/index.php\/wp-json\/wp\/v2\/product_tag?post=69"}],"curies":[{"name":"wp","href":"https:\/\/api.w.org\/{rel}","templated":true}]}}