{"id":57,"date":"2012-12-14T00:03:44","date_gmt":"2012-12-14T00:03:44","guid":{"rendered":"http:\/\/naklada-benedikta.hr\/?post_type=product&#038;p=57"},"modified":"2023-08-16T22:06:58","modified_gmt":"2023-08-16T21:06:58","slug":"365-dana-s-ivanom-pavlom-ii","status":"publish","type":"product","link":"https:\/\/naklada-benedikta.hr\/index.php\/product\/365-dana-s-ivanom-pavlom-ii\/","title":{"rendered":"365 dana s Ivanom Pavlom II."},"content":{"rendered":"<p><strong>Autor: Aldino Cazzago<\/strong><br \/>\n<strong>Opseg: 384 stranice<\/strong><br \/>\n<strong>Format: 11,5 x 17 cm<\/strong><br \/>\n<strong>Uvez: meki, s klapnama<\/strong><\/p>\n<p>\u0160to \u010dovjek vi\u0161e ulazi u duhovni svijet Ivana Pavla II. to ima jasniji osje\u0107aj da se nalazi pred \u010dovjekom i kr\u0161\u0107aninom koji je u \u017eivotu postao potpuno transparentan Bo\u017ejem misteriju.<br \/>\nOve nas stranice pozivaju da se svakodnevno ugledamo u osobu i misao velikoga pape.<\/p>\n","protected":false},"excerpt":{"rendered":"<p>Autor: Aldino Cazzago Opseg: 384 stranice Format: 11,5 x 17 cm Uvez: meki, s klapnama \u0160to \u010dovjek vi\u0161e ulazi u duhovni svijet Ivana Pavla II. to ima jasniji osje\u0107aj da se nalazi pred \u010dovjekom i kr\u0161\u0107aninom koji je u \u017eivotu postao potpuno transparentan Bo\u017ejem misteriju. Ove nas stranice pozivaju da se svakodnevno ugledamo u osobu [&hellip;]<\/p>\n","protected":false},"featured_media":58,"comment_status":"open","ping_status":"closed","template":"","meta":{"powered_cache_disable_cache":false,"powered_cache_disable_lazyload":false},"product_brand":[],"product_cat":[6],"product_tag":[],"class_list":{"0":"post-57","1":"product","2":"type-product","3":"status-publish","4":"has-post-thumbnail","6":"product_cat-duhovna-izdanja","8":"first","9":"instock","10":"shipping-taxable","11":"purchasable","12":"product-type-simple"},"_links":{"self":[{"href":"https:\/\/naklada-benedikta.hr\/index.php\/wp-json\/wp\/v2\/product\/57","targetHints":{"allow":["GET"]}}],"collection":[{"href":"https:\/\/naklada-benedikta.hr\/index.php\/wp-json\/wp\/v2\/product"}],"about":[{"href":"https:\/\/naklada-benedikta.hr\/index.php\/wp-json\/wp\/v2\/types\/product"}],"replies":[{"embeddable":true,"href":"https:\/\/naklada-benedikta.hr\/index.php\/wp-json\/wp\/v2\/comments?post=57"}],"wp:featuredmedia":[{"embeddable":true,"href":"https:\/\/naklada-benedikta.hr\/index.php\/wp-json\/wp\/v2\/media\/58"}],"wp:attachment":[{"href":"https:\/\/naklada-benedikta.hr\/index.php\/wp-json\/wp\/v2\/media?parent=57"}],"wp:term":[{"taxonomy":"product_brand","embeddable":true,"href":"https:\/\/naklada-benedikta.hr\/index.php\/wp-json\/wp\/v2\/product_brand?post=57"},{"taxonomy":"product_cat","embeddable":true,"href":"https:\/\/naklada-benedikta.hr\/index.php\/wp-json\/wp\/v2\/product_cat?post=57"},{"taxonomy":"product_tag","embeddable":true,"href":"https:\/\/naklada-benedikta.hr\/index.php\/wp-json\/wp\/v2\/product_tag?post=57"}],"curies":[{"name":"wp","href":"https:\/\/api.w.org\/{rel}","templated":true}]}}

<p><strong>Autor: Aldino Cazzago</strong><br />
<strong>Opseg: 384 stranice</strong><br />
<strong>Format: 11,5 x 17 cm</strong><br />
<strong>Uvez: meki, s klapnama</strong></p>
<p>Što čovjek više ulazi u duhovni svijet Ivana Pavla II. to ima jasniji osjećaj da se nalazi pred čovjekom i kršćaninom koji je u životu postao potpuno transparentan Božjem misteriju.<br />
Ove nas stranice pozivaju da se svakodnevno ugledamo u osobu i misao velikoga pape.</p>

<p>Autor: Aldino Cazzago Opseg: 384 stranice Format: 11,5 x 17 cm Uvez: meki, s klapnama Što čovjek više ulazi u duhovni svijet Ivana Pavla II. to ima jasniji osjećaj da se nalazi pred čovjekom i kršćaninom koji je u životu postao potpuno transparentan Božjem misteriju. Ove nas stranice pozivaju da se svakodnevno ugledamo u osobu [&hellip;]</p>
