{"id":53,"date":"2012-04-22T23:53:15","date_gmt":"2012-04-22T23:53:15","guid":{"rendered":"http:\/\/naklada-benedikta.hr\/?post_type=product&#038;p=53"},"modified":"2025-02-19T10:02:23","modified_gmt":"2025-02-19T09:02:23","slug":"sestra-marija-marta-chambon","status":"publish","type":"product","link":"https:\/\/naklada-benedikta.hr\/index.php\/product\/sestra-marija-marta-chambon\/","title":{"rendered":"Sestra Marija Marta Chambon"},"content":{"rendered":"<p><strong>Opseg: 108 stranica<\/strong><br \/>\n<strong>Format: 13 x 19 cm<\/strong><br \/>\n<strong>Uvez: meki<\/strong><\/p>\n<p>Ovo je knjiga o duhovnom \u017eivotu sestre Marije Marte Chambon, ponizne redovnice Reda Pohoda Marijina iz Chamberyija, koja je \u017eivjela od 1841. do 1907. godine. Gospodin joj je na tajanstven na\u010din darovao one milosti koje je upoznalo vrlo malo stvorenja. U sestri Marti Chambon mo\u017eemo promatrati i \u010dastiti ono tajanstveno izabranje koje Gospodin obi\u010dava udijeliti istinskim \u201esiromasima duhom\u201c. Oni su jedinstveno oru\u0111e kojim se on slu\u017ei kako bi na zemlji nastavio djelo svoga beskrajnog milosr\u0111a.<\/p>\n<p>Dana\u0161njem je \u010dovjek, znao on to ili ne, potrebno milosr\u0111e koje nam se neprestano o\u010dituje i progovara po Bo\u017eanskom Srcu i svetim Ranama.<\/p>\n<p>Ova ponizna sestra primila je poslanje da spozna, a zatim i da \u0161iri, pobo\u017enost Ranama Isusa Raspetoga i bolima Majke Bo\u017eje. Isus joj govori:<\/p>\n<p>\u2026Ne odvra\u0107aj pogleda s ove \u00abknjige\u00bb i natkrilit \u0107e\u0161 najmudrije u njihovoj nauci. Molitva svetim Ranama sve u sebi sadr\u017ei. Ja \u0107u ve\u0107 prona\u0107i na\u010dina da ljudi upoznaju kako se spasenje svijeta posti\u017ee po pobo\u017enosti mojim Ranama i po mojoj Bezgrje\u0161noj Majci.<\/p>\n<p>\u2026Ti si, k\u0107eri moja, odabrana da umiri\u0161 Bo\u017eju pravdu i da isti\u010de\u0161 zasluge Muke i svetih Rana moga jedinoro\u0111enoga Sina Isusa.<\/p>\n<p>Bo\u017eanski U\u010ditelj tada ju je pou\u010dio da \u010desto ponavlja ovaj zaziv:<\/p>\n<p>Moj Isuse, opro\u0161tenje i milosr\u0111e po zaslugama svojih svetih Rana.<\/p>\n<p>Rekao joj je:<\/p>\n<p>\u2026\u017delim da sve\u0107enici u sakramentu svete Ispovijedi penitentima za pokoru \u010desto daju tu molitvu.<br \/>\n\u2026Na svaku rije\u010d koju izgovori\u0161 po ovim zazivima svetih Rana, dopu\u0161tam da padne kap moje krvi na du\u0161u jednoga grje\u0161nika. Kada po mojim svetim Ranama bri\u0161ete grijehe ljudi, vi zapravo \u010dinite vi\u0161e nego \u0161to je u\u010dinila Veronika. Ona je s moga lica obrisala moj krvavi znoj, a vi po mojim Ranama bri\u0161ete te\u0161ke grijehe iz ljudskih srdaca. Pokazat \u0107u ti mno\u0161tvo grje\u0161nika kako ne bi nikada uzalud gubila vrijeme<br \/>\n\u2026Mnogi \u0107e ku\u0161ati blagodati ovoga zaziva. Ako ga se bude izgovaralo blizu bolesnika, okrijepit \u0107e njihovu du\u0161u i tijelo\u2026. Ne\u0107e vidjeti smrti du\u0161a koja izdahne zazivaju\u0107i moje svete Rane. One daju istinski \u017eivot.<\/p>\n","protected":false},"excerpt":{"rendered":"<p>Opseg: 108 stranica Format: 13 x 19 cm Uvez: meki Ovo je knjiga o duhovnom \u017eivotu sestre Marije Marte Chambon, ponizne redovnice Reda Pohoda Marijina iz Chamberyija, koja je \u017eivjela od 1841. do 1907. godine. Gospodin joj je na tajanstven na\u010din darovao one milosti koje je upoznalo vrlo malo stvorenja. U sestri Marti Chambon mo\u017eemo [&hellip;]<\/p>\n","protected":false},"featured_media":54,"comment_status":"open","ping_status":"closed","template":"","meta":{"powered_cache_disable_cache":false,"powered_cache_disable_lazyload":false},"product_brand":[],"product_cat":[6],"product_tag":[],"class_list":{"0":"post-53","1":"product","2":"type-product","3":"status-publish","4":"has-post-thumbnail","6":"product_cat-duhovna-izdanja","8":"first","9":"outofstock","10":"shipping-taxable","11":"purchasable","12":"product-type-simple"},"_links":{"self":[{"href":"https:\/\/naklada-benedikta.hr\/index.php\/wp-json\/wp\/v2\/product\/53","targetHints":{"allow":["GET"]}}],"collection":[{"href":"https:\/\/naklada-benedikta.hr\/index.php\/wp-json\/wp\/v2\/product"}],"about":[{"href":"https:\/\/naklada-benedikta.hr\/index.php\/wp-json\/wp\/v2\/types\/product"}],"replies":[{"embeddable":true,"href":"https:\/\/naklada-benedikta.hr\/index.php\/wp-json\/wp\/v2\/comments?post=53"}],"wp:featuredmedia":[{"embeddable":true,"href":"https:\/\/naklada-benedikta.hr\/index.php\/wp-json\/wp\/v2\/media\/54"}],"wp:attachment":[{"href":"https:\/\/naklada-benedikta.hr\/index.php\/wp-json\/wp\/v2\/media?parent=53"}],"wp:term":[{"taxonomy":"product_brand","embeddable":true,"href":"https:\/\/naklada-benedikta.hr\/index.php\/wp-json\/wp\/v2\/product_brand?post=53"},{"taxonomy":"product_cat","embeddable":true,"href":"https:\/\/naklada-benedikta.hr\/index.php\/wp-json\/wp\/v2\/product_cat?post=53"},{"taxonomy":"product_tag","embeddable":true,"href":"https:\/\/naklada-benedikta.hr\/index.php\/wp-json\/wp\/v2\/product_tag?post=53"}],"curies":[{"name":"wp","href":"https:\/\/api.w.org\/{rel}","templated":true}]}}