{"id":25,"date":"2010-06-13T23:16:08","date_gmt":"2010-06-13T23:16:08","guid":{"rendered":"http:\/\/naklada-benedikta.hr\/?post_type=product&#038;p=25"},"modified":"2018-12-03T04:57:35","modified_gmt":"2018-12-03T04:57:35","slug":"dnevnik","status":"publish","type":"product","link":"https:\/\/naklada-benedikta.hr\/index.php\/product\/dnevnik\/","title":{"rendered":"Dnevnik &#8211; Sveta Jozefina Bakita"},"content":{"rendered":"<p style=\"text-align: left;\"><strong>Autor: Sveta Jozefina Bakhita<\/strong><br \/>\n<strong>Opseg: 102 stranice <\/strong><br \/>\n<strong>Format: 12 x 17 cm<\/strong><br \/>\n<strong>Uvez: meki<\/strong><\/p>\n<p style=\"text-align: left;\">Ova nam knji\u017eica govori o svetoj patnji jedne djevoj\u010dice crnkinje koju su iz roditeljskog doma ukrali trgovci robljem. Ta ju je patnja dovela do toga da je upoznala Boga, do posve\u0107ena \u017eivota i herojskog pra\u0161tanja i svetosti. Postala je divan uzor jednostavnosti i nade, toliko potrebne dana\u0161njem svijetu.<\/p>\n<p style=\"text-align: left;\"><em>Idem polako, polako prema vje\u010dnosti, idem s dvije putne torbe. U jednoj su moji grijesi, a u drugoj, mnogo te\u017eoj, zasluge Isusa Krista. Kada se pojavim pred Gospodinom, pokrit \u0107u svoju ru\u017enu torbu Marijinim zaslugama. Zatim \u0107u otvoriti drugu i pokazati Isusove zasluge te \u0107u re\u0107i vje\u010dnome Ocu: \u201eSudi kako vidi\u0161\u201c.Oh, sigurna sam da me ne\u0107e otjerati! Tada \u0107u se okrenuti svetome Petru i re\u0107i mu: \u201eZatvaraj vrata, ja ostajem ovdje!\u201c <\/em><br \/>\n<em>(Sveta Jozefina Bakhita)<\/em><\/p>\n","protected":false},"excerpt":{"rendered":"<p>Autor: Sveta Jozefina Bakhita Opseg: 102 stranice Format: 12 x 17 cm Uvez: meki Ova nam knji\u017eica govori o svetoj patnji jedne djevoj\u010dice crnkinje koju su iz roditeljskog doma ukrali trgovci robljem. Ta ju je patnja dovela do toga da je upoznala Boga, do posve\u0107ena \u017eivota i herojskog pra\u0161tanja i svetosti. Postala je divan uzor [&hellip;]<\/p>\n","protected":false},"featured_media":217,"comment_status":"open","ping_status":"closed","template":"","meta":{"powered_cache_disable_cache":false,"powered_cache_disable_lazyload":false},"product_brand":[],"product_cat":[6],"product_tag":[],"class_list":{"0":"post-25","1":"product","2":"type-product","3":"status-publish","4":"has-post-thumbnail","6":"product_cat-duhovna-izdanja","8":"first","9":"instock","10":"shipping-taxable","11":"purchasable","12":"product-type-simple"},"_links":{"self":[{"href":"https:\/\/naklada-benedikta.hr\/index.php\/wp-json\/wp\/v2\/product\/25","targetHints":{"allow":["GET"]}}],"collection":[{"href":"https:\/\/naklada-benedikta.hr\/index.php\/wp-json\/wp\/v2\/product"}],"about":[{"href":"https:\/\/naklada-benedikta.hr\/index.php\/wp-json\/wp\/v2\/types\/product"}],"replies":[{"embeddable":true,"href":"https:\/\/naklada-benedikta.hr\/index.php\/wp-json\/wp\/v2\/comments?post=25"}],"wp:featuredmedia":[{"embeddable":true,"href":"https:\/\/naklada-benedikta.hr\/index.php\/wp-json\/wp\/v2\/media\/217"}],"wp:attachment":[{"href":"https:\/\/naklada-benedikta.hr\/index.php\/wp-json\/wp\/v2\/media?parent=25"}],"wp:term":[{"taxonomy":"product_brand","embeddable":true,"href":"https:\/\/naklada-benedikta.hr\/index.php\/wp-json\/wp\/v2\/product_brand?post=25"},{"taxonomy":"product_cat","embeddable":true,"href":"https:\/\/naklada-benedikta.hr\/index.php\/wp-json\/wp\/v2\/product_cat?post=25"},{"taxonomy":"product_tag","embeddable":true,"href":"https:\/\/naklada-benedikta.hr\/index.php\/wp-json\/wp\/v2\/product_tag?post=25"}],"curies":[{"name":"wp","href":"https:\/\/api.w.org\/{rel}","templated":true}]}}