{"id":190,"date":"2010-01-20T11:46:31","date_gmt":"2010-01-20T11:46:31","guid":{"rendered":"http:\/\/naklada-benedikta.hr\/index.php\/product\/kako-prepoznati-zamke-zloga-2\/"},"modified":"2023-01-20T04:19:21","modified_gmt":"2023-01-20T03:19:21","slug":"kako-prepoznati-zamke-zloga-2","status":"publish","type":"product","link":"https:\/\/naklada-benedikta.hr\/index.php\/product\/kako-prepoznati-zamke-zloga-2\/","title":{"rendered":"Kako prepoznati zamke Zloga"},"content":{"rendered":"<p><strong>Dodatak: Proroci na\u0161ih dana \u2013 da ili ne<\/strong><br \/>\n<strong>Autor: don Milivoj Bolobani\u0107<\/strong><br \/>\n<strong>Autor dodataka: don Josip Radi\u0107<\/strong><br \/>\n<strong>Opseg: 420 stranica<\/strong><br \/>\n<strong>Format: 13 x 19 cm<\/strong><br \/>\n<strong>Uvez: meki<\/strong><\/p>\n<p>Ovo je najprodavanija knjiga u Hrvatskoj od 2000. godine, prodana u vi\u0161e od 40.000 primjeraka. Autor don Milivoj Bolobani\u0107, sve\u0107enik s velikim iskustvom razgovora s ljudima optere\u0107enim raznim duhovnim i vremenitim te\u0161ko\u0107ama, napisao je ovu knjigu \u017eu \u017eelji da onima koji je budu \u010ditali pomogne spoznati uzroke svojih problema i zabluda, i da krenu putem vjere, oslobo\u0111enja, Bo\u017ejega mira i radosti.<br \/>\nPredgovor knjizi napisao je predsjednik Svjetske udruge egzorcista Katoli\u010dke crkve don Gabriele Amorth i preporu\u010dio je.<br \/>\nMnogo toga o \u010demu govori ova knjiga prepoznat \u0107e svaki \u010ditatelj u svome \u017eivotu i na\u0107i \u0107e savjete kako i\u0107i putem Istine i Mira, putem spasenja.<br \/>\nKnjiga sadr\u017ei i mnoge molitve, \u0161to je jo\u0161 jedan razlog da je uvijek imamo blizu. Jer, ovo nije knjiga koju \u0107emo pro\u010ditati i odlo\u017eiti, nego \u0107emo joj se uvijek iznova vra\u0107ati. Pisana je vrlo jednostavnim stilom i cilj joj je da svaki \u010dovjek kojemu do\u0111e u ruke prona\u0111e Krista, koji je Put, Istina i \u017divot, i upozna da je On klju\u010d na\u0161e vremenite i vje\u010dne sre\u0107e.<br \/>\nKnjiga je objavljena u Kanadi, na engleskom jeziku, u Italiji na talijanskom, a u pripremi je izdanje na njema\u010dkom jeziku.<br \/>\nU ovome zavodni\u010dkom vremenu mnogih opakih zamki Zloga mnogo je onih koji zanemaruju i samo postojanje Sotone. No, \u0161to o tome ka\u017eu najmjerodavniji autoriteti i sveci na\u0161ih dana:<br \/>\nPapa Pavao VI: \u0110avao je neprijatelj broj jedan, on je zavodnik bez premca. Znamo, dakle, da ovo tamno i zbunjuju\u0107e bi\u0107e uistinu postoji i jo\u0161 uvijek djeluje. On vreba u zasjedi na moralnu ravnote\u017eu \u010dovjeka. O \u0110avlu i njegovu utjecaju bilo bi nu\u017eno ponovno prou\u010davati u katoli\u010dkoj nauci, \u0161to se danas malo radi.<br \/>\n(Op\u0107a audijencija, 15. studenoga 1972.)<br \/>\nPapa Ivan Pavao II: Sotona je stvarnost koja neprestano djeluje na ljudske putove i putove Crkve. Oni koji \u017eele umanjiti va\u017enost te \u010dinjenice, dovode sebe u opasnost i na kraju se suo\u010davaju s gorkim razo\u010darenjem; jer to je pogre\u0161ka s bolnim posljedicama&#8230;<br \/>\n&#8230;ODLAZI, SOTONO!<br \/>\n(Angelus, I. korizmena nedjelja 2002.)<br \/>\nPapa Benedikt XVI: \u0160to god povr\u0161no govorili pojedini teolozi, \u0110avao je ipak misteriozna i mo\u0107na stvarnost, osobna i realna, a ne simboli\u010dna. Evan\u0111elisti o njemu mnogo govore, i nipo\u0161to ga ne shva\u0107aju na simboli\u010dan na\u010din. &#8230;Sotona je po naravi onaj koji rasta\u010de, ni\u0161ti svaki odnos, kako onaj \u010dovjeka sa samim sobom tako i onaj me\u0111u ljudima. &#8230;Ne trebamo se pripustiti mentalitetu tolikih vjernika danas, koji misle da se dovoljno pona\u0161ati onako kako s pona\u0161a ve\u0107ina. &#8230;Kr\u0161\u0107anin mora otkriti da zada\u0107a egzorcista mora ponovno poprimiti onu aktualnost koju je posjedovala na po\u010detcima vjere. &#8230;Ako pak ostanemo sjedinjeni s Kristom, mo\u017eemo biti sigurni da \u0107emo posti\u0107i pobjedu.<br \/>\n(Joseph Ratzinger, Vitorio Messori:<br \/>\nRazgovor o vjeri, Verbum, Split, 1998.)<\/p>\n","protected":false},"excerpt":{"rendered":"<p>Dodatak: Proroci na\u0161ih dana \u2013 da ili ne Autor: don Milivoj Bolobani\u0107 Autor dodataka: don Josip Radi\u0107 Opseg: 420 stranica Format: 13 x 19 cm Uvez: meki Ovo je najprodavanija knjiga u Hrvatskoj od 2000. godine, prodana u vi\u0161e od 40.000 primjeraka. Autor don Milivoj Bolobani\u0107, sve\u0107enik s velikim iskustvom razgovora s ljudima optere\u0107enim raznim [&hellip;]<\/p>\n","protected":false},"featured_media":64,"comment_status":"open","ping_status":"closed","template":"","meta":{"powered_cache_disable_cache":false,"powered_cache_disable_lazyload":false},"product_brand":[],"product_cat":[6],"product_tag":[],"class_list":{"0":"post-190","1":"product","2":"type-product","3":"status-publish","4":"has-post-thumbnail","6":"product_cat-duhovna-izdanja","8":"first","9":"outofstock","10":"shipping-taxable","11":"purchasable","12":"product-type-simple"},"_links":{"self":[{"href":"https:\/\/naklada-benedikta.hr\/index.php\/wp-json\/wp\/v2\/product\/190","targetHints":{"allow":["GET"]}}],"collection":[{"href":"https:\/\/naklada-benedikta.hr\/index.php\/wp-json\/wp\/v2\/product"}],"about":[{"href":"https:\/\/naklada-benedikta.hr\/index.php\/wp-json\/wp\/v2\/types\/product"}],"replies":[{"embeddable":true,"href":"https:\/\/naklada-benedikta.hr\/index.php\/wp-json\/wp\/v2\/comments?post=190"}],"wp:featuredmedia":[{"embeddable":true,"href":"https:\/\/naklada-benedikta.hr\/index.php\/wp-json\/wp\/v2\/media\/64"}],"wp:attachment":[{"href":"https:\/\/naklada-benedikta.hr\/index.php\/wp-json\/wp\/v2\/media?parent=190"}],"wp:term":[{"taxonomy":"product_brand","embeddable":true,"href":"https:\/\/naklada-benedikta.hr\/index.php\/wp-json\/wp\/v2\/product_brand?post=190"},{"taxonomy":"product_cat","embeddable":true,"href":"https:\/\/naklada-benedikta.hr\/index.php\/wp-json\/wp\/v2\/product_cat?post=190"},{"taxonomy":"product_tag","embeddable":true,"href":"https:\/\/naklada-benedikta.hr\/index.php\/wp-json\/wp\/v2\/product_tag?post=190"}],"curies":[{"name":"wp","href":"https:\/\/api.w.org\/{rel}","templated":true}]}}

<p><strong>Dodatak: Proroci naših dana – da ili ne</strong><br />
<strong>Autor: don Milivoj Bolobanić</strong><br />
<strong>Autor dodataka: don Josip Radić</strong><br />
<strong>Opseg: 420 stranica</strong><br />
<strong>Format: 13 x 19 cm</strong><br />
<strong>Uvez: meki</strong></p>
<p>Ovo je najprodavanija knjiga u Hrvatskoj od 2000. godine, prodana u više od 40.000 primjeraka. Autor don Milivoj Bolobanić, svećenik s velikim iskustvom razgovora s ljudima opterećenim raznim duhovnim i vremenitim teškoćama, napisao je ovu knjigu žu želji da onima koji je budu čitali pomogne spoznati uzroke svojih problema i zabluda, i da krenu putem vjere, oslobođenja, Božjega mira i radosti.<br />
Predgovor knjizi napisao je predsjednik Svjetske udruge egzorcista Katoličke crkve don Gabriele Amorth i preporučio je.<br />
Mnogo toga o čemu govori ova knjiga prepoznat će svaki čitatelj u svome životu i naći će savjete kako ići putem Istine i Mira, putem spasenja.<br />
Knjiga sadrži i mnoge molitve, što je još jedan razlog da je uvijek imamo blizu. Jer, ovo nije knjiga koju ćemo pročitati i odložiti, nego ćemo joj se uvijek iznova vraćati. Pisana je vrlo jednostavnim stilom i cilj joj je da svaki čovjek kojemu dođe u ruke pronađe Krista, koji je Put, Istina i Život, i upozna da je On ključ naše vremenite i vječne sreće.<br />
Knjiga je objavljena u Kanadi, na engleskom jeziku, u Italiji na talijanskom, a u pripremi je izdanje na njemačkom jeziku.<br />
U ovome zavodničkom vremenu mnogih opakih zamki Zloga mnogo je onih koji zanemaruju i samo postojanje Sotone. No, što o tome kažu najmjerodavniji autoriteti i sveci naših dana:<br />
Papa Pavao VI: Đavao je neprijatelj broj jedan, on je zavodnik bez premca. Znamo, dakle, da ovo tamno i zbunjujuće biće uistinu postoji i još uvijek djeluje. On vreba u zasjedi na moralnu ravnotežu čovjeka. O Đavlu i njegovu utjecaju bilo bi nužno ponovno proučavati u katoličkoj nauci, što se danas malo radi.<br />
(Opća audijencija, 15. studenoga 1972.)<br />
Papa Ivan Pavao II: Sotona je stvarnost koja neprestano djeluje na ljudske putove i putove Crkve. Oni koji žele umanjiti važnost te činjenice, dovode sebe u opasnost i na kraju se suočavaju s gorkim razočarenjem; jer to je pogreška s bolnim posljedicama&#8230;<br />
&#8230;ODLAZI, SOTONO!<br />
(Angelus, I. korizmena nedjelja 2002.)<br />
Papa Benedikt XVI: Što god površno govorili pojedini teolozi, Đavao je ipak misteriozna i moćna stvarnost, osobna i realna, a ne simbolična. Evanđelisti o njemu mnogo govore, i nipošto ga ne shvaćaju na simboličan način. &#8230;Sotona je po naravi onaj koji rastače, ništi svaki odnos, kako onaj čovjeka sa samim sobom tako i onaj među ljudima. &#8230;Ne trebamo se pripustiti mentalitetu tolikih vjernika danas, koji misle da se dovoljno ponašati onako kako s ponaša većina. &#8230;Kršćanin mora otkriti da zadaća egzorcista mora ponovno poprimiti onu aktualnost koju je posjedovala na početcima vjere. &#8230;Ako pak ostanemo sjedinjeni s Kristom, možemo biti sigurni da ćemo postići pobjedu.<br />
(Joseph Ratzinger, Vitorio Messori:<br />
Razgovor o vjeri, Verbum, Split, 1998.)</p>

<p>Dodatak: Proroci naših dana – da ili ne Autor: don Milivoj Bolobanić Autor dodataka: don Josip Radić Opseg: 420 stranica Format: 13 x 19 cm Uvez: meki Ovo je najprodavanija knjiga u Hrvatskoj od 2000. godine, prodana u više od 40.000 primjeraka. Autor don Milivoj Bolobanić, svećenik s velikim iskustvom razgovora s ljudima opterećenim raznim [&hellip;]</p>
