{"id":12,"date":"2010-02-13T22:43:23","date_gmt":"2010-02-13T22:43:23","guid":{"rendered":"http:\/\/naklada-benedikta.hr\/?post_type=product&#038;p=12"},"modified":"2025-12-03T11:18:51","modified_gmt":"2025-12-03T10:18:51","slug":"potresno-svjedocanstvo-o-ocu-piju","status":"publish","type":"product","link":"https:\/\/naklada-benedikta.hr\/index.php\/product\/potresno-svjedocanstvo-o-ocu-piju\/","title":{"rendered":"Potresno svjedo\u010danstvo o ocu Piju"},"content":{"rendered":"<p><strong>Autor: Karl Wagner<\/strong><br \/>\n<strong>Opseg: 92 stranice<\/strong><br \/>\n<strong>Format: 12 x 17 cm<\/strong><br \/>\n<strong>Uvez: meki<\/strong><\/p>\n<p>Ima li jo\u0161 \u010duda? Da, itekako!, odgovara i svjedo\u010di autor ove knjige. Kada bi samo progovorile ispovjedaonice oca Pija!<\/p>\n<p>Karl Wagner, nasmrt bolestan od posljedica dugogodi\u0161njeg zarobljeni\u0161tva u Sibiru, usnuo je oca Pija kako ga zove da do\u0111e k njemu. Otputovao je iz Be\u010da u San Giovanni Rotondo i ondje \u017eivio devet mjeseci. Susreo se s ocem Pijom devet puta. Bog ga je preko oca Pija sasvim ozdravio \u2013 otac Pio preuzeo je na sebe njegove boli.<br \/>\nO tome i jo\u0161 mnogim \u010dudim \u0161to ih je Bog \u010dinio po ovome svetom sve\u0107eniku govori ova knji\u017eica.<\/p>\n","protected":false},"excerpt":{"rendered":"<p>Autor: Karl Wagner Opseg: 92 stranice Format: 12 x 17 cm Uvez: meki Ima li jo\u0161 \u010duda? Da, itekako!, odgovara i svjedo\u010di autor ove knjige. Kada bi samo progovorile ispovjedaonice oca Pija! Karl Wagner, nasmrt bolestan od posljedica dugogodi\u0161njeg zarobljeni\u0161tva u Sibiru, usnuo je oca Pija kako ga zove da do\u0111e k njemu. Otputovao je [&hellip;]<\/p>\n","protected":false},"featured_media":213,"comment_status":"open","ping_status":"closed","template":"","meta":{"powered_cache_disable_cache":false,"powered_cache_disable_lazyload":false},"product_brand":[],"product_cat":[6],"product_tag":[],"class_list":{"0":"post-12","1":"product","2":"type-product","3":"status-publish","4":"has-post-thumbnail","6":"product_cat-duhovna-izdanja","8":"first","9":"instock","10":"shipping-taxable","11":"purchasable","12":"product-type-simple"},"_links":{"self":[{"href":"https:\/\/naklada-benedikta.hr\/index.php\/wp-json\/wp\/v2\/product\/12","targetHints":{"allow":["GET"]}}],"collection":[{"href":"https:\/\/naklada-benedikta.hr\/index.php\/wp-json\/wp\/v2\/product"}],"about":[{"href":"https:\/\/naklada-benedikta.hr\/index.php\/wp-json\/wp\/v2\/types\/product"}],"replies":[{"embeddable":true,"href":"https:\/\/naklada-benedikta.hr\/index.php\/wp-json\/wp\/v2\/comments?post=12"}],"wp:featuredmedia":[{"embeddable":true,"href":"https:\/\/naklada-benedikta.hr\/index.php\/wp-json\/wp\/v2\/media\/213"}],"wp:attachment":[{"href":"https:\/\/naklada-benedikta.hr\/index.php\/wp-json\/wp\/v2\/media?parent=12"}],"wp:term":[{"taxonomy":"product_brand","embeddable":true,"href":"https:\/\/naklada-benedikta.hr\/index.php\/wp-json\/wp\/v2\/product_brand?post=12"},{"taxonomy":"product_cat","embeddable":true,"href":"https:\/\/naklada-benedikta.hr\/index.php\/wp-json\/wp\/v2\/product_cat?post=12"},{"taxonomy":"product_tag","embeddable":true,"href":"https:\/\/naklada-benedikta.hr\/index.php\/wp-json\/wp\/v2\/product_tag?post=12"}],"curies":[{"name":"wp","href":"https:\/\/api.w.org\/{rel}","templated":true}]}}