{"id":107,"date":"2012-10-14T01:23:26","date_gmt":"2012-10-14T01:23:26","guid":{"rendered":"http:\/\/naklada-benedikta.hr\/?post_type=product&#038;p=107"},"modified":"2018-12-03T04:17:37","modified_gmt":"2018-12-03T04:17:37","slug":"klasno-ciscenje","status":"publish","type":"product","link":"https:\/\/naklada-benedikta.hr\/index.php\/product\/klasno-ciscenje\/","title":{"rendered":"Klasno \u010di\u0161\u0107enje, pokolj u Katinskoj \u0161umi"},"content":{"rendered":"<p><strong>Podnaslov:\u00a0Pokolj u Katinskoj \u0161umi<\/strong><br \/>\n<strong>Autor: Victor Zaslavsky<\/strong><br \/>\n<strong>Opseg: 160 stranica<\/strong><br \/>\n<strong>Format: 13,5 x 20 cm<\/strong><br \/>\n<strong>Uvez: meki<\/strong><\/p>\n<p>Prema Sporazumu Ribbentrop-Molotov, potpisanom 23. kolovoza 1939., Nijemci su 1. rujna napali Poljsku i time zapo\u010deli Drugi svjetski rat. Dva tjedna poslije toga SSSR je napao i zauzeo onu polovicu Poljske koja mu je bila dodijeljena tim sporazumom. Tijekom okupacije Sovjeti su zarobili tisu\u0107e poljskih vojnika. U o\u017eujku 1940. Politbiro je nalo\u017eio strijeljanje oko dvadeset dvije tisu\u0107e poljskih \u010dasnika i ostalih &#8220;klasnih neprijatelja&#8221; koji su dr\u017eali ili u koncentracijskim logorima blizu Katina ili u sovjetskim zatvorima. Tijela zakopana u grobnicama prona\u0161li su nacisti poslije napada na SSSR i osvajanja Katina. To je otkri\u0107e ozna\u010dilo po\u010detak propagande i dezinformiranja koje je trajalo pola stolje\u0107a. Staljinisti\u010dki je re\u017eim krivicu za taj pokolj poku\u0161ao prebaciti na Nijemce. U tu je svrhu organizirao cijelu kampanju krivotvorenja. Toj se kampanji saveznici za vrijeme rata nisu usprotivili nego su je pre\u0161utno odobravali. Tako \u0107e se zapadne velike sile pona\u0161ati i poslije rata (posebno Engleska) radi vlastite koristi i &#8220;popu\u0161tanja napetosti&#8221;. Dokumenti koji su dokazivali sovjetsku krivnju bili su sakriveni u strogo tajnim arhivima Politbiroa i svaka je sovjetska vlada, sve do Gorba\u010dova, odbijala priznati da takvi dokumenti postoje.<br \/>\nNa temelju tih dokumenta, koji su objavljeni tek poslije raspada SSSR-a, Victor Zaslavsky u ovoj je upe\u010datljivoj knjizi rekonstruirao cijelo to krvoproli\u0107e, koje nije samo primjer politike &#8220;klasnog \u010di\u0161\u0107enja&#8221; koju je totalitarni staljinisti\u010dki re\u017eim provodio u SSSR-u i u zemljama svoje sfere utjecaja nego i trajno manipuliranje povije\u0161\u0107u koje je trajalo sve do pada sovjetskoga imperija.<br \/>\nVictor Zaslavsky (Sankt Peterburg, 26. rujna 1937. \u2013 Rim, 26. studenoga 2009.) bio je profesor politi\u010dke sociologije. Predavao je na sveu\u010dili\u0161tima u Sankt Peterburgu, Kaliforniji, Veneciji, Rimu, Napulju i Firenci te na sveu\u010dili\u0161tima Berkeley i Standford u SAD-u i St. John u Kanadi. Godine 2008. dobio je nagradu Hannah Arendt za svoje djelo Pokolj u Katinu \u2013 \u010di\u0161\u0107enje klasa, a sljede\u0107e mu je godine, samo nekoliko dana poslije smrti, posthumno dodijeljena i nagrada Ignazio Silone za esejistiku.<\/p>\n","protected":false},"excerpt":{"rendered":"<p>Podnaslov:\u00a0Pokolj u Katinskoj \u0161umi Autor: Victor Zaslavsky Opseg: 160 stranica Format: 13,5 x 20 cm Uvez: meki Prema Sporazumu Ribbentrop-Molotov, potpisanom 23. kolovoza 1939., Nijemci su 1. rujna napali Poljsku i time zapo\u010deli Drugi svjetski rat. Dva tjedna poslije toga SSSR je napao i zauzeo onu polovicu Poljske koja mu je bila dodijeljena tim sporazumom. [&hellip;]<\/p>\n","protected":false},"featured_media":108,"comment_status":"open","ping_status":"closed","template":"","meta":{"powered_cache_disable_cache":false,"powered_cache_disable_lazyload":false},"product_brand":[],"product_cat":[9],"product_tag":[],"class_list":{"0":"post-107","1":"product","2":"type-product","3":"status-publish","4":"has-post-thumbnail","6":"product_cat-politika-i-povijest","8":"first","9":"instock","10":"sale","11":"shipping-taxable","12":"purchasable","13":"product-type-simple"},"_links":{"self":[{"href":"https:\/\/naklada-benedikta.hr\/index.php\/wp-json\/wp\/v2\/product\/107","targetHints":{"allow":["GET"]}}],"collection":[{"href":"https:\/\/naklada-benedikta.hr\/index.php\/wp-json\/wp\/v2\/product"}],"about":[{"href":"https:\/\/naklada-benedikta.hr\/index.php\/wp-json\/wp\/v2\/types\/product"}],"replies":[{"embeddable":true,"href":"https:\/\/naklada-benedikta.hr\/index.php\/wp-json\/wp\/v2\/comments?post=107"}],"wp:featuredmedia":[{"embeddable":true,"href":"https:\/\/naklada-benedikta.hr\/index.php\/wp-json\/wp\/v2\/media\/108"}],"wp:attachment":[{"href":"https:\/\/naklada-benedikta.hr\/index.php\/wp-json\/wp\/v2\/media?parent=107"}],"wp:term":[{"taxonomy":"product_brand","embeddable":true,"href":"https:\/\/naklada-benedikta.hr\/index.php\/wp-json\/wp\/v2\/product_brand?post=107"},{"taxonomy":"product_cat","embeddable":true,"href":"https:\/\/naklada-benedikta.hr\/index.php\/wp-json\/wp\/v2\/product_cat?post=107"},{"taxonomy":"product_tag","embeddable":true,"href":"https:\/\/naklada-benedikta.hr\/index.php\/wp-json\/wp\/v2\/product_tag?post=107"}],"curies":[{"name":"wp","href":"https:\/\/api.w.org\/{rel}","templated":true}]}}