{"id":103,"date":"2012-07-14T01:17:38","date_gmt":"2012-07-14T01:17:38","guid":{"rendered":"http:\/\/naklada-benedikta.hr\/?post_type=product&#038;p=103"},"modified":"2025-04-13T18:40:45","modified_gmt":"2025-04-13T17:40:45","slug":"rat-protiv-isusa","status":"publish","type":"product","link":"https:\/\/naklada-benedikta.hr\/index.php\/product\/rat-protiv-isusa\/","title":{"rendered":"Rat protiv Isusa"},"content":{"rendered":"<p><strong>Autor: Antonio Socci<\/strong><br \/>\n<strong>Opseg: 428 stranica<\/strong><br \/>\n<strong>Format: 13,5 x 20 cm<\/strong><br \/>\n<strong>Uvez: meki<\/strong><\/p>\n<p>Kr\u0161\u0107ani su kroz povijest neprestano trpjeli progone i pokolje raznih re\u017eima i ideologija. U posljednje vrijeme tome mo\u017eemo dodati i predrasude i animozitet zapadnja\u010dkih elita. Kr\u0161\u0107ani su danas najprogonjeniji ljudi na svijetu, a za mr\u017enju koja u dru\u0161tvu postoji prema Crkvi mo\u017eemo re\u0107i da je nadahnuta netolerancijom kakva ne postoji ni prema jednoj drugoj vjerskoj, nacionalnoj ni dru\u0161tvenoj skupini. Protukr\u0161\u0107anski pokret po\u010diva na ideologiji koja ve\u0107 dvjesto godina sna\u017eno napada sredi\u0161te kr\u0161\u0107anske vjere \u2013 lik Isusa Krista, povijesnu vjerodostojnost evan\u0111elja i vjerodostojnost svjedoka o\u010devidaca. Ukratko, napada same temelje Crkve.<\/p>\n<p>No, postoje li opravdani razlozi zbog kojih neprijatelji kr\u0161\u0107anstva nije\u010du evan\u0111elje i vjeru u Isusa iz Nazareta? Ili sva najnovija povijesna, arheolo\u0161ka, filolo\u0161ka i znanstvena otkri\u0107a (koja napada\u010di Crkve uglavnom pre\u0161u\u0107uju) senzacionalno potvr\u0111uju povijesno postojanje \u201eoptu\u017eenog Isusa\u201c i govore u njegovu korist?<\/p>\n<p>U ovoj knjizi Antonio Socci pobija la\u017ei i zavjere te ukazuje na razloge protukr\u0161\u0107anske ideologije koje mnogi i danas kriju. Pokazuje nam da suvremena arheolo\u0161ka otkri\u0107a i povijesna istra\u017eivanja posljednjih desetlje\u0107a potvr\u0111uju istinitost doga\u0111aja iz evan\u0111elja i svih pojedinosti o Isusovu ovozemaljskom \u017eivotu, uklju\u010duju\u0107i i njegova \u010duda i njegovo uskrsnu\u0107e. Osim toga, potvr\u0111uju i samu vjerodostojnost svjedoka.<br \/>\nTko je i za\u0161to pokrenuo rat protiv Isusa koji traje 2.000 godina?<\/p>\n<p>\u0160to stoji u pozadini mr\u017enje prema kr\u0161\u0107anstvu koja se u europskoj kulturi \u0161iri od osamnaestoga stolje\u0107a?<br \/>\nJesu li mogu\u0107a \u010duda koja racionalistima slu\u017ee kao temelj za napad na evan\u0111elje i Isusa?<\/p>\n<p>OVA POLEMI\u010cKA KNJIGA U KORIJENU SASIJECA PROTUKR\u0160\u0106ANSKE PREDRASUDE.<\/p>\n","protected":false},"excerpt":{"rendered":"<p>Autor: Antonio Socci Opseg: 428 stranica Format: 13,5 x 20 cm Uvez: meki Kr\u0161\u0107ani su kroz povijest neprestano trpjeli progone i pokolje raznih re\u017eima i ideologija. U posljednje vrijeme tome mo\u017eemo dodati i predrasude i animozitet zapadnja\u010dkih elita. Kr\u0161\u0107ani su danas najprogonjeniji ljudi na svijetu, a za mr\u017enju koja u dru\u0161tvu postoji prema Crkvi mo\u017eemo [&hellip;]<\/p>\n","protected":false},"featured_media":104,"comment_status":"open","ping_status":"closed","template":"","meta":{"powered_cache_disable_cache":false,"powered_cache_disable_lazyload":false},"product_brand":[],"product_cat":[9],"product_tag":[],"class_list":{"0":"post-103","1":"product","2":"type-product","3":"status-publish","4":"has-post-thumbnail","6":"product_cat-politika-i-povijest","8":"first","9":"instock","10":"shipping-taxable","11":"purchasable","12":"product-type-simple"},"_links":{"self":[{"href":"https:\/\/naklada-benedikta.hr\/index.php\/wp-json\/wp\/v2\/product\/103","targetHints":{"allow":["GET"]}}],"collection":[{"href":"https:\/\/naklada-benedikta.hr\/index.php\/wp-json\/wp\/v2\/product"}],"about":[{"href":"https:\/\/naklada-benedikta.hr\/index.php\/wp-json\/wp\/v2\/types\/product"}],"replies":[{"embeddable":true,"href":"https:\/\/naklada-benedikta.hr\/index.php\/wp-json\/wp\/v2\/comments?post=103"}],"wp:featuredmedia":[{"embeddable":true,"href":"https:\/\/naklada-benedikta.hr\/index.php\/wp-json\/wp\/v2\/media\/104"}],"wp:attachment":[{"href":"https:\/\/naklada-benedikta.hr\/index.php\/wp-json\/wp\/v2\/media?parent=103"}],"wp:term":[{"taxonomy":"product_brand","embeddable":true,"href":"https:\/\/naklada-benedikta.hr\/index.php\/wp-json\/wp\/v2\/product_brand?post=103"},{"taxonomy":"product_cat","embeddable":true,"href":"https:\/\/naklada-benedikta.hr\/index.php\/wp-json\/wp\/v2\/product_cat?post=103"},{"taxonomy":"product_tag","embeddable":true,"href":"https:\/\/naklada-benedikta.hr\/index.php\/wp-json\/wp\/v2\/product_tag?post=103"}],"curies":[{"name":"wp","href":"https:\/\/api.w.org\/{rel}","templated":true}]}}